inder when 19548 is divided by 9658?
232
What is the remainder when 17153 is divided by 133?
129
Calculate the remainder when 112633 is divided by 37544.
1
Calculate the remainder when 674 is divided by 94.
16
Calculate the remainder when 167995 is divided by 105.
100
What is the remainder when 1442 is divided by 602?
238
Calculate the remainder when 1639468 is divided by 1110.
1108
Calculate the remainder when 4977 is divided by 2453.
71
Calculate the remainder when 1208 is divided by 335.
203
What is the remainder when 83 is divided by 38?
7
Calculate the remainder when 119731 is divided by 10.
1
Calculate the remainder when 12920 is divided by 12908.
12
What is the remainder when 7951972 is divided by 174?
172
What is the remainder when 607 is divided by 96?
31
What is the remainder when 5464 is divided by 1082?
54
Calculate the remainder when 8274 is divided by 1651.
19
What is the remainder when 3885 is divided by 1938?
9
Calculate the remainder when 96885 is divided by 1212.
1137
What is the remainder when 11098 is divided by 135?
28
Calculate the remainder when 7792 is divided by 195.
187
Calculate the remainder when 82412 is divided by 12.
8
What is the remainder when 115458 is divided by 23?
21
What is the remainder when 8341 is divided by 31?
2
What is the remainder when 203317 is divided by 87?
85
What is the remainder when 16617 is divided by 3322?
7
Calculate the remainder when 33157 is divided by 873.
856
Calculate the remainder when 1608 is divided by 1152.
456
Calculate the remainder when 27076 is divided by 2.
0
Calculate the remainder when 23564 is divided by 23509.
55
Calculate the remainder when 155839 is divided by 67.
64
Calculate the remainder when 938 is divided by 401.
136
Calculate the remainder when 12473 is divided by 731.
46
Calculate the remainder when 19535 is divided by 9748.
39
Calculate the remainder when 2908 is divided by 784.
556
Calculate the remainder when 34241 is divided by 385.
361
Calculate the remainder when 45493 is divided by 69.
22
Calculate the remainder when 74115 is divided by 3368.
19
What is the remainder when 6434 is divided by 292?
10
What is the remainder when 17672 is divided by 82?
42
Calculate the remainder when 9021 is divided by 4457.
107
What is the remainder when 11589 is divided by 164?
109
What is the remainder when 73872 is divided by 1294?
114
Calculate the remainder when 7337 is divided by 395.
227
What is the remainder when 256493 is divided by 215?
213
What is the remainder when 1191 is divided by 85?
1
What is the remainder when 14578 is divided by 231?
25
Calculate the remainder when 13380 is divided by 51.
18
What is the remainder when 58017 is divided by 659?
25
Calculate the remainder when 5830 is divided by 36.
34
Calculate the remainder when 102998 is divided by 19.
18
Calculate the remainder when 8948 is divided by 130.
108
Calculate the remainder when 23773 is divided by 2639.
22
What is the remainder when 19652 is divided by 817?
44
Calculate the remainder when 4786 is divided by 265.
16
What is the remainder when 10222 is divided by 123?
13
Calculate the remainder when 876662 is divided by 1233.
1232
What is the remainder when 3231 is divided by 170?
1
What is the remainder when 822 is divided by 228?
138
Calculate the remainder when 5484 is divided by 778.
38
Calculate the remainder when 340458 is divided by 252.
6
What is the remainder when 293 is divided by 8?
5
What is the remainder when 541133 is divided by 62?
59
What is the remainder when 23219 is divided by 135?
134
What is the remainder when 100205 is divided by 1354?
9
Calculate the remainder when 35576 is divided by 8891.
12
What is the remainder when 6698 is divided by 3318?
62
What is the remainder when 52119 is divided by 67?
60
Calculate the remainder when 591460 is divided by 645.
640
What is the remainder when 244124 is divided by 594?
584
Calculate the remainder when 151482 is divided by 6583.
73
What is the remainder when 65389 is divided by 16320?
109
Calculate the remainder when 11082 is divided by 16.
10
Calculate the remainder when 6260 is divided by 320.
180
Calculate the remainder when 154843 is divided by 111.
109
What is the remainder when 15847 is divided by 283?
282
Calculate the remainder when 14183 is divided by 18.
17
Calculate the remainder when 79864 is divided by 17.
15
What is the remainder when 3018 is divided by 595?
43
What is the remainder when 288349 is divided by 2746?
19
Calculate the remainder when 2659706 is divided by 93.
92
Calculate the remainder when 5717 is divided by 308.
173
What is the remainder when 530890 is divided by 15?
10
What is the remainder when 175499 is divided by 9?
8
Calculate the remainder when 2481 is divided by 136.
33
What is the remainder when 20716 is divided by 351?
7
What is the remainder when 92937 is divided by 6193?
42
Calculate the remainder when 5489 is divided by 13.
3
Calculate the remainder when 30874 is divided by 219.
214
Calculate the remainder when 1443 is divided by 613.
217
What is the remainder when 50608 is divided by 70?
68
What is the remainder when 3821947 is divided by 1742?
1741
Calculate the remainder when 9331 is divided by 25.
6
Calculate the remainder when 16101 is divided by 6848.
2405
What is the remainder when 119324 is divided by 176?
172
Calculate the remainder when 5016 is divided by 922.
406
What is the remainder when 6496 is divided by 1080?
16
What is the remainder when 846694 is divided by 51?
43
Calculate the remainder when 187684 is divided by 47.
13
Calculate the remainder when 66735 is divided by 344.
343
Calculate the remainder when 4376 is divided by 559.
463
What is the remainder when 3101 is divided by 152?
61
What is the remainder when 8125 is divided by 8?
5
Calculate the remainder when 80303 is divided by 1084.
87
Calculate the remainder when 49675 is divided by 98.
87
What is the remainder when 111252 is divided by 143?
141
Calculate the remainder when 13627 is divided by 4487.
166
What is the remainder when 19027 is divided by 253?
52
Calculate the remainder when 12247 is divided by 250.
247
What is the remainder when 274610 is divided by 4?
2
What is the remainder when 245891 is divided by 49173?
26
What is the remainder when 20318 is divided by 20295?
23
Calculate the remainder when 45962 is divided by 142.
96
What is the remainder when 6016 is divided by 67?
53
Calculate the remainder when 1163011 is divided by 3.
1
What is the remainder when 23070 is divided by 3293?
19
Calculate the remainder when 21921 is divided by 261.
258
Calculate the remainder when 21235 is divided by 518.
515
Calculate the remainder when 6462 is divided by 3185.
92
Calculate the remainder when 44991 is divided by 13.
11
Calculate the remainder when 111959 is divided by 2946.
11
Calculate the remainder when 47256 is divided by 170.
166
What is the remainder when 30052 is divided by 30?
22
What is the remainder when 3572 is divided by 161?
30
What is the remainder when 15814 is divided by 2085?
1219
Calculate the remainder when 43537 is divided by 354.
349
Calculate the remainder when 485637 is divided by 190.
187
What is the remainder when 56943 is divided by 160?
143
Calculate the remainder when 2459 is divided by 12.
11
What is the remainder when 28274 is divided by 5645?
49
What is the remainder when 32337 is divided by 28?
25
What is the remainder when 8646 is divided by 2868?
42
Calculate the remainder when 92580 is divided by 119.
117
What is the remainder when 19578 is divided by 280?
258
Calculate the remainder when 111862 is divided by 329.
2
Calculate the remainder when 1708 is divided by 852.
4
Calculate the remainder when 5066 is divided by 2506.
54
What is the remainder when 33211 is divided by 220?
211
What is the remainder when 10275 is divided by 10133?
142
Calculate the remainder when 773 is divided by 520.
253
What is the remainder when 1385 is divided by 1042?
343
What is the remainder when 2546 is divided by 1251?
44
Calculate the remainder when 19272 is divided by 2581.
1205
What is the remainder when 4492 is divided by 1497?
1
What is the remainder when 1564 is divided by 1556?
8
Calculate the remainder when 6849 is divided by 2224.
177
Calculate the remainder when 3522 is divided by 3446.
7